me factors of 136955237.
71, 1928947
List the prime factors of 442574584.
2, 55321823
List the prime factors of 95588546.
2, 47794273
List the prime factors of 466170650.
2, 5, 11, 29, 2657
List the prime factors of 2171465.
5, 434293
List the prime factors of 727833653.
727833653
List the prime factors of 94562726.
2, 181, 261223
What are the prime factors of 1647270882?
2, 3, 91515049
List the prime factors of 15257380.
2, 5, 19, 40151
What are the prime factors of 167111986?
2, 83555993
List the prime factors of 101268512.
2, 367, 8623
List the prime factors of 112793622.
2, 3, 107, 175691
What are the prime factors of 6798602?
2, 37, 91873
What are the prime factors of 9872911?
23, 31, 61, 227
What are the prime factors of 45605522?
2, 317, 71933
What are the prime factors of 32540001?
3, 13, 29, 28771
List the prime factors of 77869087.
19, 43, 95311
List the prime factors of 112917155.
5, 13, 29, 37, 1619
List the prime factors of 28823139.
3, 463, 6917
What are the prime factors of 521499197?
103, 5063099
List the prime factors of 6677036.
2, 1669259
What are the prime factors of 1857311853?
3, 619103951
What are the prime factors of 97076969?
11, 241, 3329
List the prime factors of 151632607.
7, 73, 42391
What are the prime factors of 31701949?
31701949
List the prime factors of 17276610.
2, 3, 5, 13, 31, 1429
List the prime factors of 8356941.
3, 19, 48871
List the prime factors of 20930061.
3, 853, 8179
List the prime factors of 285745885.
5, 57149177
List the prime factors of 5629907248.
2, 7, 23, 2185523
What are the prime factors of 4398356?
2, 1099589
List the prime factors of 164113667.
1217, 134851
What are the prime factors of 122584792?
2, 11, 389, 3581
What are the prime factors of 787977536?
2, 12312149
List the prime factors of 832809878.
2, 29, 14358791
List the prime factors of 259193985.
3, 5, 17, 59791
List the prime factors of 146390032.
2, 23, 397799
What are the prime factors of 23549536?
2, 191, 3853
What are the prime factors of 192587647?
7, 2617, 10513
What are the prime factors of 2557676104?
2, 41, 7797793
What are the prime factors of 112686070?
2, 5, 7, 1609801
List the prime factors of 944421675.
3, 5, 41, 307129
List the prime factors of 871104552.
2, 3, 19, 29, 3467
What are the prime factors of 180786989?
263, 687403
What are the prime factors of 5428000094?
2, 11, 109, 2263553
What are the prime factors of 7295171?
13, 41, 13687
What are the prime factors of 70645647?
3, 337, 69877
List the prime factors of 218427913.
11, 29, 684727
List the prime factors of 714452295.
3, 5, 47630153
What are the prime factors of 185140047?
3, 17, 19, 11239
What are the prime factors of 899237096?
2, 163, 689599
What are the prime factors of 156732773?
156732773
List the prime factors of 135830091.
3, 4673, 9689
List the prime factors of 5294671884.
2, 3, 439, 335021
What are the prime factors of 58625882?
2, 7, 4187563
List the prime factors of 1533561468.
2, 3, 269, 475081
What are the prime factors of 342977522?
2, 53, 277, 11681
What are the prime factors of 149420153?
149420153
List the prime factors of 294703741.
294703741
List the prime factors of 4000235226.
2, 3, 13, 31, 1654357
List the prime factors of 18792008.
2, 2349001
List the prime factors of 345525444.
2, 3, 11, 53, 101, 163
List the prime factors of 241473777.
3, 53, 727, 2089
What are the prime factors of 339033559?
339033559
What are the prime factors of 2549887267?
19, 8599, 15607
List the prime factors of 47288653.
47288653
List the prime factors of 7479398235.
3, 5, 211, 2363159
List the prime factors of 3721716786.
2, 3, 1489, 416579
What are the prime factors of 228827488?
2, 19, 59, 6379
What are the prime factors of 337043270?
2, 5, 33704327
What are the prime factors of 1320740154?
2, 3, 71, 114827
What are the prime factors of 33274737?
3, 157, 23549
What are the prime factors of 81785580?
2, 3, 5, 1363093
List the prime factors of 417304901.
13, 157, 204461
List the prime factors of 53044070.
2, 5, 1831, 2897
What are the prime factors of 2764430870?
2, 5, 43, 113, 56893
List the prime factors of 105911771.
7, 2029, 7457
What are the prime factors of 128200225?
5, 653, 7853
List the prime factors of 6054092393.
31, 8053, 24251
List the prime factors of 45079583.
431, 104593
What are the prime factors of 54393099?
3, 2777, 6529
List the prime factors of 48834722.
2, 821, 29741
What are the prime factors of 225026269?
13, 251, 68963
List the prime factors of 2328535508.
2, 13, 683, 65563
List the prime factors of 906490757.
1621, 559217
What are the prime factors of 44796589?
4159, 10771
What are the prime factors of 45155258?
2, 53, 313, 1361
What are the prime factors of 789847396?
2, 13, 59, 257447
List the prime factors of 70043054.
2, 359, 97553
What are the prime factors of 2130420676?
2, 19, 28031851
List the prime factors of 187268515.
5, 7, 17, 29, 10853
List the prime factors of 93227743.
7, 47, 5783
List the prime factors of 6224740832.
2, 3049, 63799
What are the prime factors of 3361869753?
3, 11, 101874841
List the prime factors of 997653912.
2, 3, 2777, 14969
What are the prime factors of 588938595?
3, 5, 7, 801277
List the prime factors of 140766064.
2, 311, 28289
What are the prime factors of 1813304?
2, 226663
What are the prime factors of 53883778?
2, 13, 17, 121909
What are the prime factors of 39819825?
3, 5, 176977
What are the prime factors of 160951529?
17, 263, 35999
What are the prime factors of 622954882?
2, 11, 283, 100057
What are the prime factors of 213720847?
213720847
What are the prime factors of 763248177?
3, 53, 59263
What are the prime factors of 1120578816?
2, 3, 7, 208441
What are the prime factors of 80848102?
2, 40424051
What are the prime factors of 110594065?
5, 43, 97, 5303
List the prime factors of 27312400.
2, 5, 68281
What are the prime factors of 124956447?
3, 7, 11, 23, 29, 811
What are the prime factors of 2670157?
7, 54493
List the prime factors of 1179773912.
2, 59, 2499521
List the prime factors of 106615927.
11, 557, 17401
List the prime factors of 12044355.
3, 5, 137, 5861
What are the prime factors of 6935611701?
3, 41, 6521, 8647
What are the prime factors of 727433721?
3, 7, 563, 20509
What are the prime factors of 2940475805?
5, 17, 47, 736039
What are the prime factors of 675455555?
5, 135091111
List the prime factors of 766023963.
3, 59, 1061, 4079
List the prime factors of 814160551.
127, 6410713
What are the prime factors of 1242174222?
2, 3, 69009679
What are the prime factors of 964889394?
2, 3, 7, 1831, 12547
What are the prime factors of 884360189?
23, 38450443
What are the prime factors of 2297490368?
2, 151, 237737
List the prime factors of 2793124605.
3, 5, 59, 3156073
What are the prime factors of 25595299?
19, 137, 9833
What are the prime factors of 61950872?
2, 7743859
What are the prime factors of 1531356148?
2, 7, 19, 37, 77797
What are the prime factors of 150369665?
5, 37, 113, 7193
List the prime factors of 199293935.
5, 39858787
What are the prime factors of 250900090?
2, 5, 7, 151, 3391
List the prime factors of 13706494.
2, 6853247
What are the prime factors of 465664351?
37, 12585523
What are the prime factors of 70414707?
3, 11, 23, 113, 821
List the prime factors of 30068289.
3, 571, 5851
What are the prime factors of 3445875866?
2, 31, 347, 160169
List the prime factors of 404291779.
151, 911, 2939
What are the prime factors of 2280947796?
2, 3, 19, 1111573
What are the prime factors of 381261911?
41, 83, 199, 563
List the prime factors of 324895677.
3, 23, 151, 31183
What are the prime factors of 4131009?
3, 521, 881
List the prime factors of 116211317.
229, 509, 997
List the prime factors of 402601113.
3, 29, 1542533
List the prime factors of 5710704441.
3, 13, 10399, 14081
List the prime factors of 154575145.
5, 31, 997259
List the prime factors of 13545248.
2, 423289
List the prime factors of 1874440.
2, 5, 46861
What are the prime factors of 330785228?
2, 2467, 33521
What are the prime factors of 47842322?
2, 11, 941, 2311
List the prime factors of 2024680179.
3, 23, 29343191
What are the prime factors of 37814143?
439, 86137
What are the prime factors of 548357105?
5, 3709, 29569
List the prime factors of 111871422.
2, 3, 13, 159361
List the prime